nits digit of y(15)?
2
Suppose -13*g + 26 = 182. What is the tens digit of g*((-440)/15 + 2)?
2
Let d = -12 + 17. Let a(h) = h**3 - 2*h**2 - h + 1. What is the tens digit of a(d)?
7
Let c(y) = y**2 - y + 88. Let n be c(0). Let k = n - 55. What is the tens digit of k?
3
Suppose 2*u - 280 = -3*u. Suppose -4*z + u = 4*y, 0 = 4*z + 3*y + 33 - 88. What is the units digit of (3 + z)/((-4)/(-2))?
8
What is the units digit of 6332/3 + -4*(-6)/(-36)?
0
Let o(g) = -2*g - 7. Let w be o(-5). Suppose 2*q - 5*m - 1445 = -3*q, w*q - 2*m - 868 = 0. What is the units digit of q?
0
What is the hundreds digit of (-6)/((-48)/56) - -158?
1
Suppose 0 = p - 0*p - 4*u - 186, 0 = -5*p + u + 987. What is the hundreds digit of p?
1
Let z(s) = s**2 - 3*s + 12. Let r be z(6). Suppose -c = 5*i - 51, 3*c - 13 = -5*i + r. What is the tens digit of i?
1
Let g be (-5 + 3)*195/6. Let c = 266 + g. What is the tens digit of c?
0
Suppose -4*k + 1611 + 3401 = 0. What is the tens digit of k?
5
Let h(v) = -3*v**3 - 2*v**2 - 6*v - 6. What is the tens digit of h(-4)?
7
Let t = -691 + 3546. What is the tens digit of t?
5
Let s(v) = v**2 + v + 7. Let a be s(8). Let r = a - 36. What is the units digit of r?
3
Let y be 0 - 2 - (3 - -93). Let a be 28/y - (-177)/7. Suppose 6 = x - a. What is the units digit of x?
1
Suppose -187 - 59 = -a. Suppose -r = -5*i - 74, -5*r = -2*r - 3*i - a. What is the units digit of r?
4
What is the hundreds digit of (19660/(-140))/((-2)/14)?
9
Let z be 1 + -2 + (-2 - -262) + 1. Let s = z - 105. What is the units digit of s?
5
Suppose 4*c - 1116 = -4*g, 0 = 4*c + 2*g - 308 - 818. What is the units digit of c?
4
Suppose 0 = 7*y - 2*y - 2670. Let d be y/(-6)*1/1. What is the tens digit of (-5)/(-25) - d/5?
1
Let x(c) = 16*c - 136. What is the units digit of x(21)?
0
Suppose -4*q - 691 = -4*k + 4633, -q + 1341 = k. What is the units digit of k?
6
Suppose -2*u + 3*u = -9. Let x = -10 - u. What is the units digit of (x - -2)*-1*-1?
1
Suppose j = -0*j + 3*b + 568, -3*j + b = -1704. What is the units digit of j?
8
Let k = 43 + -157. Let y = k - -209. What is the units digit of y?
5
Suppose -25*z + 40*z - 40350 = 0. What is the thousands digit of z?
2
Let w = -1767 - -3364. What is the tens digit of w?
9
Suppose 49 = w - 2*x + 5*x, -5*w + 305 = -5*x. Let c = -23 + -11. Let o = c + w. What is the units digit of o?
4
What is the units digit of -10 + 10 - (30*51)/(-1)?
0
Suppose 5*s = -4*s + 3735. What is the units digit of s?
5
Let q be -1 + 0 + (-33)/1. Suppose 20 + 39 = f + 4*r, 4*f = -5*r + 258. Let o = q + f. What is the tens digit of o?
3
Let g = -18 + 186. Suppose 42*q - 40*q = g. What is the units digit of q?
4
Let z(v) = v**2 - 12*v + 24. Let u be z(10). What is the tens digit of (-126 - 0)*u/(-8)?
6
What is the tens digit of (-14)/84 + (115766/12)/7?
7
Suppose 2598 = 20*r - 14*r. What is the tens digit of r?
3
Suppose 5*l = -21*f + 16*f + 2535, 0 = 3*l - f - 1541. What is the hundreds digit of l?
5
Suppose -b + 2*o - 6*o = -14, 5*o = -2*b + 22. Suppose 4*p + b = -30. What is the tens digit of (5 + 9)*p/(-2)?
6
Let l(o) = -o**3 - o**2 - 2*o + 152. Let b be l(0). Let j = b - 88. What is the units digit of j?
4
Suppose 5*w - 3378 - 3352 = 5*c, -4*w + 5*c + 5381 = 0. What is the tens digit of w?
4
Let c = -781 - -1319. What is the hundreds digit of c?
5
Let d(b) = -4*b + 84. Let o(x) = -x**2 - 10*x - 24. Let c be o(-4). What is the units digit of d(c)?
4
Let l(q) = q**3 - 2*q**2 - 4*q + 3. Let t = -4 + 7. Let u be l(t). Suppose 4*s - 20 = -u*s. What is the units digit of s?
5
Let t(q) = 118*q**2 + 6*q + 55. What is the units digit of t(5)?
5
Suppose o + o - 62 = 0. Suppose -f + o = 2*f - 5*b, 0 = -5*f + 2*b + 58. Suppose 4*t + 0*t = f. What is the units digit of t?
3
Suppose p + 1 = 4*o + 49, 5*p = 5*o + 240. What is the units digit of (30/(-40))/((-1)/p)?
6
Let b be ((-4)/3)/(4/(-6)). Suppose -n + l + 31 = b*l, -n = -l - 27. What is the units digit of n?
9
Let o(r) = r**3 - 11*r**2 + 12*r - 8. Suppose 4*v - 32 = 144. Suppose 2*z + 2*z + h = v, 3*h = -5*z + 62. What is the tens digit of o(z)?
1
Let h = -881 - -1982. What is the hundreds digit of h?
1
Suppose 0 = -g - 54*o + 53*o + 4727, 4*o - 4721 = -g. What is the thousands digit of g?
4
Let y(j) = -j**2 + 5*j + 11. Let f be y(5). Let c(b) = b**3 - 12*b**2 + 10*b - 12. Let p be c(f). Let w = p - -35. What is the units digit of w?
2
Let a(y) = y**2 - 8*y - 15. Let i be a(12). Suppose -i = -2*n + 41. Suppose 0 = -4*m - d + 39, 2*m + 2*m + 3*d = n. What is the units digit of m?
0
Suppose 0 = -5*s + 2*f + f + 380, 228 = 3*s + 2*f. Suppose 0*q - s = -2*q. Let y = q - 19. What is the tens digit of y?
1
Suppose -7*x - 21 = -4*x. Let c(f) = f**2 + 6*f - 5. Let y be c(x). Suppose 2*b + 4*q - 32 = -y*b, b - 24 = 3*q. What is the units digit of b?
2
Suppose -3*j - 818 = 3*m - 2924, -5*j + 5*m = -3500. What is the units digit of j?
1
Suppose -3*o + 61 = -2*d, -2*d - d - 18 = -o. Let k be (o/4)/((-3)/(-80)). Suppose 30*r = 28*r + k. What is the units digit of r?
0
Let j = -170 + 101. Let x = -43 - j. What is the units digit of x?
6
Let a be (1/3)/(4/36). Suppose v + 195 = 8*s - a*s, -4*v - 210 = -5*s. What is the units digit of s?
8
Let s = 124 - -5. Suppose -5*f + 4*o = -319, -4*o = -2*f - o + s. Suppose 4*n - 65 = -n + 5*g, f = 3*n + 3*g. What is the tens digit of n?
1
Let j(u) = -7*u**2 - 6*u + 49. Let x be j(-9). What is the units digit of x/(-3) - 6/9?
4
Let h = 7 - 12. Let a = h - -8. Suppose d + a*d = -5*t + 5, 3*t - 3*d = 3. What is the units digit of t?
1
Suppose p = -2*k + 4829, -5*p - 4*k = -11928 - 12229. What is the tens digit of p?
3
Let r be 51*((-2)/4)/(2/12). Let k = r - -289. What is the hundreds digit of k?
1
Let f(q) = 2*q - 4. Let o = -27 + 31. What is the units digit of f(o)?
4
Let b = 811 + -150. What is the tens digit of b?
6
Let f be 5 + (82 + -5 - 1). Suppose 2*p - f - 223 = 0. What is the tens digit of p?
5
Let j = 141 + 2938. What is the hundreds digit of j?
0
Let y(n) = n**3 - 8*n**2 - 7*n - 11. Let c be y(9). Suppose -228 - 192 = -c*o. What is the units digit of o?
0
Let x(c) = -7*c + 1. Let p(u) = 13 + 5*u + 2*u - 13. Let a(s) = -3*p(s) - 2*x(s). What is the units digit of a(-3)?
9
What is the hundreds digit of (-2)/(-7) - (67968/(-42))/6?
2
Suppose 8 = 3*m - 2*z, z = -2*m + 6*m - 14. Suppose -m*a + 8*a + 178 = 2*j, j = -3*a + 64. What is the tens digit of j?
7
Suppose 0 = 2*s + 6*s - 3536. What is the hundreds digit of s?
4
Suppose -20 = 4*q, q = -3*r - 0*r - 35. What is the units digit of (r/8)/(1/(-36))?
5
Let x = 548 + -329. Suppose -2*q = -2*y - 2*y + 240, -2*q - 3*y - x = 0. Let o = -34 - q. What is the units digit of o?
0
Let g(p) = -10*p + 16. What is the tens digit of g(-19)?
0
Let l(g) = g**2 - 6*g + 2. Let x be l(6). Let f be (0/x - -26) + -3. Let c = f + 1. What is the tens digit of c?
2
Let d(p) = 30*p + 5. Let o(l) = -60*l - 10. Let z(k) = 5*d(k) + 3*o(k). What is the tens digit of z(-1)?
2
Suppose 17 = 5*o - w, -3*w + 4*w = -2*o + 11. Suppose -2*c + 3*r + 19 = 0, -2*c - 16 = -o*c + 2*r. Suppose -49 - 101 = -c*g. What is the tens digit of g?
3
Suppose 22*t - 737 = 13123. What is the hundreds digit of t?
6
Suppose 2*u + 11 = 5. Let g(a) = -30*a + 22. What is the hundreds digit of g(u)?
1
Let r(q) = q**2. Let h(m) = -4*m**2 - 8*m - 10. Let p(s) = h(s) + 5*r(s). Let o be p(9). What is the units digit of 0 - o - (4 - 6)?
3
Let d = -4 + 5. Let l = d - -26. What is the tens digit of l?
2
What is the hundreds digit of ((-1)/2)/(17/(-38488))?
1
Let y(c) = 10*c**2 - 33*c + 419. What is the thousands digit of y(21)?
4
Let c(h) = h**2 + 3 - 5*h + 3*h - 5*h. Suppose 28 = 6*w - 26. What is the units digit of c(w)?
1
Let z(d) = 7*d + 12. Let r(i) = -6*i - 11. Let m(o) = -6*r(o) - 5*z(o). Let x be m(-4). Suppose -x*v = 2*v - 36. What is the units digit of v?
9
Let i(l) = -154*l**3 - 6*l**2 - 4*l + 4. What is the thousands digit of i(-3)?
4
Suppose -w + 4*l + 2398 = 0, -w - 4*l - 182 = -2540. What is the units digit of w?
8
What is the hundreds digit of -8 - (-11 + 0 - 1038)?
0
Let i(p) = 15*p**2 - 8*p - 76. What is the units digit of i(-9)?
1
Let l(u) = -u**3 + 6*u - 4. Let s be l(-5). Suppose 0 = w - 3*r - 573, 4*w + r - 2162 = s. What is the units digit of w/15 + (-8)/(-20)?
8
Let x = 15 - 8. 